 478.
472
What is the remainder when 1482771 is divided by 252?
3
What is the remainder when 245694967 is divided by 23?
20
What is the remainder when 100491 is divided by 217?
20
Calculate the remainder when 1506125 is divided by 301224.
5
What is the remainder when 697498 is divided by 647?
32
Calculate the remainder when 43619 is divided by 1330.
1059
What is the remainder when 1038133 is divided by 1304?
149
Calculate the remainder when 4736958 is divided by 3575.
83
Calculate the remainder when 2127263 is divided by 425452.
3
Calculate the remainder when 11696244 is divided by 18.
6
Calculate the remainder when 32730475 is divided by 131.
125
Calculate the remainder when 3604119 is divided by 18.
15
What is the remainder when 23417 is divided by 23219?
198
What is the remainder when 2465354 is divided by 1657?
1395
What is the remainder when 390355 is divided by 1525?
1480
What is the remainder when 88357 is divided by 43473?
1411
What is the remainder when 136854 is divided by 3427?
3201
What is the remainder when 50908602 is divided by 475781?
35
What is the remainder when 188231 is divided by 3483?
149
Calculate the remainder when 6376738 is divided by 1275232.
578
What is the remainder when 24392 is divided by 1607?
287
Calculate the remainder when 9872486 is divided by 5014.
4934
What is the remainder when 1266280 is divided by 584?
168
What is the remainder when 859241 is divided by 37357?
30
What is the remainder when 2431857 is divided by 86852?
1
What is the remainder when 5129553 is divided by 1222?
819
What is the remainder when 1137031 is divided by 28?
7
What is the remainder when 21379724 is divided by 977?
33
Calculate the remainder when 64627658 is divided by 64627636.
22
What is the remainder when 674767 is divided by 742?
289
Calculate the remainder when 2128015 is divided by 16000.
15
Calculate the remainder when 6944699 is divided by 60.
59
Calculate the remainder when 51500821 is divided by 25.
21
Calculate the remainder when 536032 is divided by 998.
106
Calculate the remainder when 159409 is divided by 2609.
260
What is the remainder when 920983 is divided by 284?
255
Calculate the remainder when 197371 is divided by 6331.
1110
What is the remainder when 383647669 is divided by 74?
71
Calculate the remainder when 11102 is divided by 10017.
1085
What is the remainder when 470243 is divided by 470243?
0
Calculate the remainder when 17577970 is divided by 2868.
2866
What is the remainder when 6612799 is divided by 944684?
11
Calculate the remainder when 31992574 is divided by 137899.
6
What is the remainder when 357280 is divided by 59497?
298
What is the remainder when 87174 is divided by 4144?
150
What is the remainder when 3523810 is divided by 50?
10
What is the remainder when 156432 is divided by 44?
12
Calculate the remainder when 15798477 is divided by 240.
237
Calculate the remainder when 28183 is divided by 24085.
4098
What is the remainder when 45655 is divided by 714?
673
What is the remainder when 22797455 is divided by 5532?
83
Calculate the remainder when 9278 is divided by 2289.
122
Calculate the remainder when 7920273 is divided by 364.
361
Calculate the remainder when 721225 is divided by 6804.
1
What is the remainder when 1673661 is divided by 1463?
1452
Calculate the remainder when 13406709 is divided by 4468898.
15
Calculate the remainder when 157711 is divided by 19701.
103
Calculate the remainder when 4211 is divided by 1865.
481
Calculate the remainder when 50316917 is divided by 20.
17
What is the remainder when 1784367 is divided by 130?
117
Calculate the remainder when 759008 is divided by 5344.
160
What is the remainder when 6808045 is divided by 847?
706
What is the remainder when 8059157 is divided by 173?
125
Calculate the remainder when 963805 is divided by 1975.
5
What is the remainder when 11969521 is divided by 152?
129
Calculate the remainder when 1062762 is divided by 354108.
438
What is the remainder when 577608 is divided by 53?
14
What is the remainder when 46770107 is divided by 3234?
3233
Calculate the remainder when 20764 is divided by 20620.
144
What is the remainder when 995292 is divided by 995273?
19
Calculate the remainder when 62390733 is divided by 3566.
3563
Calculate the remainder when 60953250 is divided by 131.
129
What is the remainder when 121392490 is divided by 13?
11
What is the remainder when 34150118 is divided by 101?
99
What is the remainder when 278956 is divided by 2427?
2278
Calculate the remainder when 37658713 is divided by 2807.
1
Calculate the remainder when 596890 is divided by 2369.
2271
Calculate the remainder when 7161 is divided by 2684.
1793
Calculate the remainder when 884740 is divided by 442364.
12
Calculate the remainder when 18659994 is divided by 2488.
2482
Calculate the remainder when 22495994 is divided by 116.
114
What is the remainder when 1538377 is divided by 61?
18
What is the remainder when 131046 is divided by 131033?
13
What is the remainder when 3023294 is divided by 1040?
14
Calculate the remainder when 743588 is divided by 1805.
1733
Calculate the remainder when 73844 is divided by 1510.
1364
What is the remainder when 564521652 is divided by 19?
17
Calculate the remainder when 17453769 is divided by 36211.
67
What is the remainder when 5903447 is divided by 25?
22
What is the remainder when 35250269 is divided by 15?
14
What is the remainder when 9516913 is divided by 1179?
25
Calculate the remainder when 5804651 is divided by 12093.
11
Calculate the remainder when 7188359 is divided by 84.
59
What is the remainder when 28400372 is divided by 5680073?
7
Calculate the remainder when 3931655 is divided by 1835.
1085
Calculate the remainder when 61772844 is divided by 1184.
12
Calculate the remainder when 1678726 is divided by 62175.
1
What is the remainder when 23691197 is divided by 134?
131
What is the remainder when 403298 is divided by 100762?
250
Calculate the remainder when 2352245 is divided by 14520.
5
Calculate the remainder when 299199 is divided by 299160.
39
What is the remainder when 9356 is divided by 283?
17
Calculate the remainder when 753709 is divided by 154.
33
What is the remainder when 1102297 is divided by 382?
227
Calculate the remainder when 104241 is divided by 104086.
155
Calculate the remainder when 137164035 is divided by 373.
372
What is the remainder when 23516 is divided by 379?
18
Calculate the remainder when 639397 is divided by 30440.
157
What is the remainder when 4476698 is divided by 525?
23
What is the remainder when 305372 is divided by 6272?
4316
What is the remainder when 879595 is divided by 134?
19
What is the remainder when 1867546 is divided by 275?
21
Calculate the remainder when 838438 is divided by 133.
6
What is the remainder when 110769 is divided by 6923?
1
Calculate the remainder when 519026 is divided by 16169.
1618
What is the remainder when 5359793 is divided by 562?
561
What is the remainder when 709331 is divided by 289?
125
What is the remainder when 78717332 is divided by 29?
22
Calculate the remainder when 6369334 is divided by 654.
28
What is the remainder when 67283111 is divided by 1087?
1072
Calculate the remainder when 40595886 is divided by 28771.
5
What is the remainder when 46745109 is divided by 536?
13
Calculate the remainder when 65787 is divided by 32872.
43
Calculate the remainder when 14210897 is divided by 136643.
25
Calculate the remainder when 466286 is divided by 171.
140
Calculate the remainder when 236689 is divided by 1025.
939
Calculate the remainder when 3414935 is divided by 1240.
1215
Calculate the remainder when 89006 is divided by 10.
6
What is the remainder when 911741 is divided by 5180?
61
What is the remainder when 18459681 is divided by 263?
237
Calculate the remainder when 18254878 is divided by 713.
652
Calculate the remainder when 31615 is divided by 13926.
3763
What is the remainder when 11788 is divided by 1302?
70
Calculate the remainder when 112782 is divided by 50962.
10858
What is the remainder when 380043 is divided by 2422?
2211
Calculate the remainder when 10344018 is divided by 10343962.
56
Calculate the remainder when 24444 is divided by 261.
171
Calculate the remainder when 447018 is divided by 19126.
7120
What is the